 -7 - -5. Let v(m) be the second derivative of m**4/6 + m**2 + 3*m. List the prime factors of v(j).
2, 5
List the prime factors of (1 + (-3)/(-12))*200.
2, 5
Let y = -27 + 55. What are the prime factors of y?
2, 7
Let y be 9/4 - 11/44. Suppose -33 = -b + l, -5*l + l - 60 = -y*b. What are the prime factors of b?
2, 3
Let x(z) = 3*z**2 - 5*z - 7. Let v(n) = -6*n**2 + 9*n + 13. Let p(j) = -6*v(j) - 11*x(j). Let f be p(1). Suppose 16 = f*d - 20. What are the prime factors of d?
2, 3
Let l = 164 + -73. What are the prime factors of l?
7, 13
Let q(s) = 13*s**2 + s. Suppose -6*l = -l - 25. Let d(k) = -k + 4. Let n be d(l). What are the prime factors of q(n)?
2, 3
Let u = -43 + 73. Let z = 50 - u. List the prime factors of z.
2, 5
Let i = -32 - -7. Suppose 0 = 4*m + m - 240. Let d = i + m. What are the prime factors of d?
23
Suppose -9 = -b - j, 4*b - 8*j = -3*j - 9. Suppose 0 = -z + 4*z - 2*g - 23, 0 = -b*g + 8. List the prime factors of z.
3
Suppose -4*o + 5*m = -232, -m + 3*m = 4*o - 232. List the prime factors of o.
2, 29
Suppose -3*p - 1 + 10 = 0. Suppose -p*a - 5 = -20. Suppose 0 = i - a*q - 5 + 1, 0 = -5*i - q + 20. What are the prime factors of i?
2
What are the prime factors of ((-4)/(-12))/((-2)/(-414))?
3, 23
Let z(q) = -q + 5. List the prime factors of z(0).
5
Suppose 4*n - 160 + 16 = 0. Let g = n + -18. List the prime factors of g.
2, 3
Let k be (-56)/(-10)*315/14. Suppose 4*u + 2*g - k = 0, -3*u + 36 = 4*g - 61. What are the prime factors of u?
31
Suppose 5*l - 53 - 22 = 0. What are the prime factors of l?
3, 5
Suppose 920 = 2*g + 6*g. What are the prime factors of g?
5, 23
Let x be (-18)/30 + (-78)/(-5). List the prime factors of 9/x - 57/(-5).
2, 3
Let z(o) = -3*o - 6. Let r be z(-4). Let l = r + 2. What are the prime factors of l?
2
Suppose -n + 5 = -x, -2 - 5 = -3*n - x. Suppose n*a + 2*a - 130 = 0. What are the prime factors of a?
2, 13
Let t(k) = -k**3 - 2*k**2 + k - 3. Let i be t(-3). Suppose i*x + 0*x = 3. List the prime factors of x + 1 - 2*-2.
2, 3
Suppose 16 = 3*x - 23. Suppose 5 - x = -w. What are the prime factors of w?
2
Let f(z) = -27*z - 1. Let b(p) = -p**3 - 3*p**2 + 2*p + 3. Let c be b(-3). Let g be f(c). Suppose -g = 6*r - 11*r. List the prime factors of r.
2
Let b(m) = 343*m**2 + 14*m + 14. List the prime factors of b(-1).
7
Suppose -2*q = 2*q, -4*i = -5*q - 232. Suppose -3*b - m + i = -b, -m = 3*b - 88. Suppose -b = -3*c + 6. List the prime factors of c.
2, 3
Let d be (1 + 0/2)*0. Let y be ((-2)/4)/(4/(-88)). Let m = y + d. List the prime factors of m.
11
Let x = -3 + 17. Let q = x - 11. What are the prime factors of q?
3
Let z = 32 + -15. List the prime factors of z.
17
Let o(b) = b**2 - 1. Let z(r) = 0*r**2 - r**2 + 2*r**2. Let l(j) = 2*o(j) - z(j). What are the prime factors of l(3)?
7
Let j be 15/6 - 2/(-4). Suppose -5*f + 4*a = -2 - 1, -j*f + 18 = 3*a. List the prime factors of f.
3
Let d = 24 - 14. Suppose -2*g + d = -g. What are the prime factors of g?
2, 5
Suppose 3*p = 125 + 16. List the prime factors of p.
47
Let i = 4 + -6. Suppose 3*k + 7 - 25 = 0. Let b = i + k. What are the prime factors of b?
2
Suppose 3*r - 3 = 0, -3*a - 4*r + 59 = r. Let k = a + 10. What are the prime factors of k?
2, 7
Suppose -3*c = 4*s - 449, -c = -3*s - 236 + 563. List the prime factors of s.
2, 5, 11
Let d(z) be the first derivative of -z**2/2 + 7*z + 2. Let t be d(7). Let p(q) = q + 3. List the prime factors of p(t).
3
Let t(w) = w**2 - 7*w + 34. What are the prime factors of t(16)?
2, 89
Let q(y) = 24*y - 2. Let i be q(2). Suppose t + 3*a = -24, 2*t + 58 = 4*a - 0*a. Let x = t + i. List the prime factors of x.
19
What are the prime factors of (1 + 3 - 272)*-1?
2, 67
Let f = 30 + -99. Let u = f - -114. Suppose -o + 6*o = u. List the prime factors of o.
3
Let i = 2 + 1. Suppose h + i*h = 20. Suppose h*m - 9*m = -40. List the prime factors of m.
2, 5
Suppose 80 + 24 = 4*s. Suppose -3*w + 5*w = -s. Let y = w + 18. What are the prime factors of y?
5
Suppose -s = -0*s - 5*q - 3, 5*q + 6 = 2*s. Let d be 2/(-4)*(-5 + s). Suppose k = 5*f + d, -3*k + 4*f + 20 = k. List the prime factors of k.
2, 3
Let w be 4/(-16) - (-473)/4. Suppose -4*p + 2*s + w = 0, -2*p + 84 = 3*s + s. What are the prime factors of p?
2
Let c = 10 + 46. Suppose 2*s = 4*s - c. List the prime factors of s.
2, 7
Let o(w) = 3*w**3 - 6 + 1 + w**3 - w + 0*w**3 - 11*w**2. Let z(s) = s**3 - s**2 - 1. Let i(l) = o(l) - 5*z(l). What are the prime factors of i(-6)?
2, 3
Suppose l + 4*u = 73, -4*l - 145 = -2*u - 509. What are the prime factors of l?
89
Suppose -395 = -7*z + 2*z. What are the prime factors of z?
79
Let y be 15/(-6)*-2*1. Suppose y*h + 29 = 3*x, -4*x + h + 36 + 14 = 0. Let k = -7 + x. List the prime factors of k.
2, 3
Let d(b) be the first derivative of 9*b**2/2 - 3*b - 7. What are the prime factors of d(2)?
3, 5
Let j be 0/(-5 - (-3 + 0)). Suppose 4*g - 4*x - 32 = j, 2 - 4 = -2*g - 5*x. List the prime factors of g.
2, 3
Suppose -4*n - 7 = u + 6, -2*n - 2*u = 14. Let f be 15/(-12)*8/n. Let j(i) = i - 3. List the prime factors of j(f).
2
Let p = 7 - -3. Let n = 18 - p. Let r = n - -2. List the prime factors of r.
2, 5
Let i = 16 + 38. What are the prime factors of i?
2, 3
List the prime factors of 6/(-33) - 343/(-11).
31
Let u(b) = 3*b**2 + 6*b - 1. Suppose -3*q - 5 = 4*r + 12, -q + 11 = -2*r. List the prime factors of u(r).
2, 11
Let t = 431 - 279. What are the prime factors of t?
2, 19
What are the prime factors of ((-8)/(-12))/(1/183)?
2, 61
Let f(y) be the second derivative of -y**4/12 + y**3 - 5*y**2/2 - 3*y. Let l be f(5). Suppose 0 = -z - 3*j, l*z + z - 1 = -2*j. List the prime factors of z.
3
Let x be 1 + (1 - 2/(-1)). Suppose x*h - 28 = 4*z, 2*h - z = 5*h - 1. List the prime factors of h.
2
Suppose -5*j + 10*j - 45 = 0. Let h be -1 + 39*6/j. Let b = h + -11. What are the prime factors of b?
2, 7
Suppose -5*u - 1 = -21. Suppose -w + u = 14. Let a = w + 17. List the prime factors of a.
7
Let t(a) = 1 - 3 + 5*a + 1. What are the prime factors of t(2)?
3
Let k(a) = 7*a - 1. Let n(i) = -i. Let r(d) = k(d) + 6*n(d). Let z be r(3). List the prime factors of z/(-3)*108/(-8).
3
Let o be (-79)/3 - (-3)/9. Let t = 42 + o. List the prime factors of 9/(-2)*t/(-6).
2, 3
Suppose 4*q - q + 3*j = 3, -2*q - 2 = 4*j. Suppose q + 6 = 3*v. What are the prime factors of v?
3
Suppose -5*x = 4*g - 25, -3*g - x = -0*x - 16. Suppose 17 = c - v, 5*c = -g*v + 76 + 59. List the prime factors of c.
2, 11
Let u be 9/(-6)*8/(-3). Suppose u*v + 6*g - 68 = 2*g, -30 = -2*v - 4*g. Let z = v - 10. What are the prime factors of z?
3
Suppose 2*i + 0*f + f + 31 = 0, f = -3*i - 47. Let m = i + 27. List the prime factors of m.
11
Let m = 8 + 0. List the prime factors of m.
2
Let h be (-27)/(-2)*24/9. Suppose -3*x + h = x. Suppose 8 = 5*b + 4*c, -4*b + x = -3*c - 16. List the prime factors of b.
2
Suppose 0 = -3*u - 99 + 600. List the prime factors of u.
167
Let x be 3/((-9)/6) - 1. Let t be (4/x)/((-3)/9). Suppose -4*f - 4*v = -16 - 16, -3*v = -2*f - t. What are the prime factors of f?
2
Let n(a) = -a**3 - 5*a**2 + 9*a + 17. List the prime factors of n(-7).
2, 13
Let y(s) = -s**3 + 11*s**2 + 15*s - 17. Let g(m) = m**2 + m - 8. Let o be g(-5). What are the prime factors of y(o)?
19
Suppose -3*n = -5*n + 28. Let c = -4 + n. What are the prime factors of c?
2, 5
Let a(i) = -i**3 - i**2 + 2*i - 5. Let l be a(-5). Let t(f) = -3*f - 6. Let g be t(-4). Suppose l = -d + g*d. List the prime factors of d.
17
Suppose -3*u = 4*o - 672, 198 = 2*u - 4*o - 250. What are the prime factors of u?
2, 7
Suppose -3*s + 12 = 0, -8 = 2*q - 0*q - 3*s. What are the prime factors of ((-5)/q + 3)*46?
23
Let r = -16 + 25. List the prime factors of r.
3
Suppose -2*w = -5*i + 2*i - 9, 0 = w + 4*i + 12. Let t be (2 - (0 + w))*3. Suppose 0*q - q + t = 0. What are the prime factors of q?
2, 3
Let s(p) = p**3 + 3*p**2 - p. Suppose 6 = -3*b - 5*q - 13, 3*q = -5*b - 21. List the prime factors of s(b).
3
Suppose 5*a - d - d = -264, -62 = a - 5*d. Let k be (a/3)/((-5)/15). List the prime factors of (3 - 2)*k/4.
13
Let i(o) be the third derivative of -o**5/60 - 7*o**4/24 + 11*o**3/6 - 2*o**2. List the prime factors of i(-8).
3
Let s be 6/21 + 258/(-21). Let c be (s/(-15))/(4/350). Suppose -4*f - f + c = 0. List the prime factors